{"id":1042,"date":"2021-05-03T14:28:27","date_gmt":"2021-05-03T17:28:27","guid":{"rendered":"http:\/\/tenisparaciegos.ar\/ptca\/?page_id=1042"},"modified":"2022-02-27T09:43:36","modified_gmt":"2022-02-27T12:43:36","slug":"universidades","status":"publish","type":"page","link":"https:\/\/tenisparaciegos.ar\/ptca\/?page_id=1042","title":{"rendered":"Universidades"},"content":{"rendered":"\n<p>Llevamos nuestro Programa a las Universidades donde se vivencia, capacita y se realizan talleres de concientizaci\u00f3n de la inclusi\u00f3n a trav\u00e9s del deporte.<\/p>\n\n\n\n<p><\/p>\n\n\n\n<p>\u25b6\ufe0f <a href=\"https:\/\/www.flickr.com\/photos\/tenisparaciegos1\/albums\/72177720296992206\">Universidad de las Fuerzas Armadas de Ecuador<\/a> | <strong>Ecuador<\/strong><\/p>\n\n\n\n<p>\u25b6\ufe0f <a href=\"https:\/\/www.flickr.com\/photos\/tenisparaciegos1\/albums\/72157719075025816\" data-type=\"URL\" data-id=\"https:\/\/www.flickr.com\/photos\/tenisparaciegos1\/albums\/72157719075025816\">Universidad Nacional de La Matanza &#8211; UNLaM<\/a> | <strong>Provincia de Buenos Aires<\/strong><\/p>\n\n\n\n<p>\u25b6\ufe0f <a href=\"https:\/\/www.flickr.com\/photos\/tenisparaciegos1\/albums\/72157719043734444\" data-type=\"URL\" data-id=\"https:\/\/www.flickr.com\/photos\/tenisparaciegos1\/albums\/72157719043734444\">Universidad Cat\u00f3lica de Cuyo<\/a> | <strong>Provincia de San Juan<\/strong><\/p>\n\n\n\n<p>\u25b6\ufe0f <a href=\"https:\/\/www.flickr.com\/photos\/tenisparaciegos\/albums\/72157648750933640\" data-type=\"URL\" data-id=\"https:\/\/www.flickr.com\/photos\/tenisparaciegos\/albums\/72157648750933640\">Universidad de Ciencias Empresariales y Sociales &#8211; UCES<\/a> | <strong>Ciudad Aut\u00f3noma de Bs. As<\/strong><\/p>\n\n\n\n<p>\u25b6\ufe0f <a href=\"https:\/\/www.flickr.com\/photos\/tenisparaciegos\/albums\/72157654936277159\" data-type=\"URL\" data-id=\"https:\/\/www.flickr.com\/photos\/tenisparaciegos\/albums\/72157654936277159\">Universidad de Flores &#8211; UFLO<span class=\"has-inline-color has-vivid-red-color\"><strong> I<\/strong><\/span><\/a> | <strong>Ciudad Aut\u00f3noma de Buenos Aires<\/strong><\/p>\n\n\n\n<p>\u25b6\ufe0f <a href=\"https:\/\/www.flickr.com\/photos\/tenisparaciegos\/albums\/72157649378446924\" data-type=\"URL\" data-id=\"https:\/\/www.flickr.com\/photos\/tenisparaciegos\/albums\/72157649378446924\">Universidad de Flores &#8211; UFLO <span class=\"has-inline-color has-vivid-red-color\"><strong>II<\/strong><\/span> <\/a>| <strong>Ciudad Aut\u00f3noma de Buenos Aires<\/strong><\/p>\n\n\n\n<p>\u25b6\ufe0f <a href=\"https:\/\/www.flickr.com\/photos\/tenisparaciegos\/albums\/72157644731997391\" data-type=\"URL\" data-id=\"https:\/\/www.flickr.com\/photos\/tenisparaciegos\/albums\/72157644731997391\">Universidad Nacional de Rosario<\/a> | <strong>Provincia de Santa Fe<\/strong><\/p>\n\n\n\n<p>\u25b6\ufe0f <a href=\"https:\/\/www.flickr.com\/photos\/tenisparaciegos\/albums\/72157642949216184\" data-type=\"URL\" data-id=\"https:\/\/www.flickr.com\/photos\/tenisparaciegos\/albums\/72157642949216184\">Universidad Nacional de Avellaneda<\/a> | <strong>Provincia de Buenos Aires<\/strong><\/p>\n\n\n\n<p>\u25b6\ufe0f <a href=\"https:\/\/www.flickr.com\/photos\/tenisparaciegos\/albums\/72157642949264173\" data-type=\"URL\" data-id=\"https:\/\/www.flickr.com\/photos\/tenisparaciegos\/albums\/72157642949264173\">Universidad Nacional de Lan\u00fas<\/a> | <strong>Provincia de Buenos Aires<\/strong><\/p>\n\n\n\n<p><\/p>\n","protected":false},"excerpt":{"rendered":"<p>Llevamos nuestro Programa a las Universidades donde se vivencia, capacita y se realizan talleres de concientizaci\u00f3n de la inclusi\u00f3n a trav\u00e9s del deporte. \u25b6\ufe0f Universidad de las Fuerzas Armadas de Ecuador | Ecuador \u25b6\ufe0f Universidad Nacional de La Matanza &#8211; UNLaM | Provincia de Buenos Aires \u25b6\ufe0f Universidad Cat\u00f3lica de Cuyo | Provincia de San\u2026 <span class=\"read-more\"><a href=\"https:\/\/tenisparaciegos.ar\/ptca\/?page_id=1042\">Read More &raquo;<\/a><\/span><\/p>\n","protected":false},"author":2,"featured_media":0,"parent":1031,"menu_order":0,"comment_status":"closed","ping_status":"closed","template":"","meta":[],"_links":{"self":[{"href":"https:\/\/tenisparaciegos.ar\/ptca\/index.php?rest_route=\/wp\/v2\/pages\/1042"}],"collection":[{"href":"https:\/\/tenisparaciegos.ar\/ptca\/index.php?rest_route=\/wp\/v2\/pages"}],"about":[{"href":"https:\/\/tenisparaciegos.ar\/ptca\/index.php?rest_route=\/wp\/v2\/types\/page"}],"author":[{"embeddable":true,"href":"https:\/\/tenisparaciegos.ar\/ptca\/index.php?rest_route=\/wp\/v2\/users\/2"}],"replies":[{"embeddable":true,"href":"https:\/\/tenisparaciegos.ar\/ptca\/index.php?rest_route=%2Fwp%2Fv2%2Fcomments&post=1042"}],"version-history":[{"count":13,"href":"https:\/\/tenisparaciegos.ar\/ptca\/index.php?rest_route=\/wp\/v2\/pages\/1042\/revisions"}],"predecessor-version":[{"id":1873,"href":"https:\/\/tenisparaciegos.ar\/ptca\/index.php?rest_route=\/wp\/v2\/pages\/1042\/revisions\/1873"}],"up":[{"embeddable":true,"href":"https:\/\/tenisparaciegos.ar\/ptca\/index.php?rest_route=\/wp\/v2\/pages\/1031"}],"wp:attachment":[{"href":"https:\/\/tenisparaciegos.ar\/ptca\/index.php?rest_route=%2Fwp%2Fv2%2Fmedia&parent=1042"}],"curies":[{"name":"wp","href":"https:\/\/api.w.org\/{rel}","templated":true}]}}

<p>Llevamos nuestro Programa a las Universidades donde se vivencia, capacita y se realizan talleres de concientización de la inclusión a través del deporte.</p>



<p></p>



<p>▶️ <a href="https://www.flickr.com/photos/tenisparaciegos1/albums/72177720296992206">Universidad de las Fuerzas Armadas de Ecuador</a> | <strong>Ecuador</strong></p>



<p>▶️ <a href="https://www.flickr.com/photos/tenisparaciegos1/albums/72157719075025816" data-type="URL" data-id="https://www.flickr.com/photos/tenisparaciegos1/albums/72157719075025816">Universidad Nacional de La Matanza &#8211; UNLaM</a> | <strong>Provincia de Buenos Aires</strong></p>



<p>▶️ <a href="https://www.flickr.com/photos/tenisparaciegos1/albums/72157719043734444" data-type="URL" data-id="https://www.flickr.com/photos/tenisparaciegos1/albums/72157719043734444">Universidad Católica de Cuyo</a> | <strong>Provincia de San Juan</strong></p>



<p>▶️ <a href="https://www.flickr.com/photos/tenisparaciegos/albums/72157648750933640" data-type="URL" data-id="https://www.flickr.com/photos/tenisparaciegos/albums/72157648750933640">Universidad de Ciencias Empresariales y Sociales &#8211; UCES</a> | <strong>Ciudad Autónoma de Bs. As</strong></p>



<p>▶️ <a href="https://www.flickr.com/photos/tenisparaciegos/albums/72157654936277159" data-type="URL" data-id="https://www.flickr.com/photos/tenisparaciegos/albums/72157654936277159">Universidad de Flores &#8211; UFLO<span class="has-inline-color has-vivid-red-color"><strong> I</strong></span></a> | <strong>Ciudad Autónoma de Buenos Aires</strong></p>



<p>▶️ <a href="https://www.flickr.com/photos/tenisparaciegos/albums/72157649378446924" data-type="URL" data-id="https://www.flickr.com/photos/tenisparaciegos/albums/72157649378446924">Universidad de Flores &#8211; UFLO <span class="has-inline-color has-vivid-red-color"><strong>II</strong></span> </a>| <strong>Ciudad Autónoma de Buenos Aires</strong></p>



<p>▶️ <a href="https://www.flickr.com/photos/tenisparaciegos/albums/72157644731997391" data-type="URL" data-id="https://www.flickr.com/photos/tenisparaciegos/albums/72157644731997391">Universidad Nacional de Rosario</a> | <strong>Provincia de Santa Fe</strong></p>



<p>▶️ <a href="https://www.flickr.com/photos/tenisparaciegos/albums/72157642949216184" data-type="URL" data-id="https://www.flickr.com/photos/tenisparaciegos/albums/72157642949216184">Universidad Nacional de Avellaneda</a> | <strong>Provincia de Buenos Aires</strong></p>



<p>▶️ <a href="https://www.flickr.com/photos/tenisparaciegos/albums/72157642949264173" data-type="URL" data-id="https://www.flickr.com/photos/tenisparaciegos/albums/72157642949264173">Universidad Nacional de Lanús</a> | <strong>Provincia de Buenos Aires</strong></p>



<p></p>

<p>Llevamos nuestro Programa a las Universidades donde se vivencia, capacita y se realizan talleres de concientización de la inclusión a través del deporte. ▶️ Universidad de las Fuerzas Armadas de Ecuador | Ecuador ▶️ Universidad Nacional de La Matanza &#8211; UNLaM | Provincia de Buenos Aires ▶️ Universidad Católica de Cuyo | Provincia de San… <span class="read-more"><a href="https://tenisparaciegos.ar/ptca/?page_id=1042">Read More &raquo;</a></span></p>
