{"id":1153,"date":"2021-05-05T15:26:36","date_gmt":"2021-05-05T18:26:36","guid":{"rendered":"http:\/\/tenisparaciegos.ar\/ptca\/?page_id=1153"},"modified":"2025-01-23T18:48:28","modified_gmt":"2025-01-23T21:48:28","slug":"charlas-tedx","status":"publish","type":"page","link":"https:\/\/tenisparaciegos.ar\/ptca\/?page_id=1153","title":{"rendered":"Charlas TEDx"},"content":{"rendered":"\n<div class=\"wp-block-media-text alignwide is-stacked-on-mobile\"><figure class=\"wp-block-media-text__media\"><img decoding=\"async\" loading=\"lazy\" width=\"960\" height=\"540\" src=\"https:\/\/tenisparaciegos.ar\/ptca\/wp-content\/uploads\/2021\/05\/14088407_1811878925710906_7022765832453270497_n.jpg\" alt=\"\" class=\"wp-image-1577 size-full\" srcset=\"https:\/\/tenisparaciegos.ar\/ptca\/wp-content\/uploads\/2021\/05\/14088407_1811878925710906_7022765832453270497_n.jpg 960w, https:\/\/tenisparaciegos.ar\/ptca\/wp-content\/uploads\/2021\/05\/14088407_1811878925710906_7022765832453270497_n-300x169.jpg 300w, https:\/\/tenisparaciegos.ar\/ptca\/wp-content\/uploads\/2021\/05\/14088407_1811878925710906_7022765832453270497_n-768x432.jpg 768w, https:\/\/tenisparaciegos.ar\/ptca\/wp-content\/uploads\/2021\/05\/14088407_1811878925710906_7022765832453270497_n-660x371.jpg 660w\" sizes=\"(max-width: 960px) 100vw, 960px\" \/><\/figure><div class=\"wp-block-media-text__content\">\n<p><strong><em>TEDx Eldorado<\/em><\/strong> un evento de nivel internacional fue realizado en la ciudad de El Dorado, Misiones. Un organizaci\u00f3n perfecta llevada a cabo con el coraz\u00f3n y el m\u00e1ximo profesionalismo.<\/p>\n\n\n\n<p>Gracias por permitirnos mostrar nuestro programa y conocer a 12 expositores de un nivel humano y profesional impresionante.<\/p>\n\n\n\n<p><strong>Profesor Eduardo Raffetto<\/strong><\/p>\n<\/div><\/div>\n","protected":false},"excerpt":{"rendered":"<p>TEDx Eldorado un evento de nivel internacional fue realizado en la ciudad de El Dorado, Misiones. Un organizaci\u00f3n perfecta llevada a cabo con el coraz\u00f3n y el m\u00e1ximo profesionalismo. Gracias por permitirnos mostrar nuestro programa y conocer a 12 expositores de un nivel humano y profesional impresionante. Profesor Eduardo Raffetto<\/p>\n","protected":false},"author":2,"featured_media":0,"parent":0,"menu_order":0,"comment_status":"closed","ping_status":"closed","template":"","meta":[],"_links":{"self":[{"href":"https:\/\/tenisparaciegos.ar\/ptca\/index.php?rest_route=\/wp\/v2\/pages\/1153"}],"collection":[{"href":"https:\/\/tenisparaciegos.ar\/ptca\/index.php?rest_route=\/wp\/v2\/pages"}],"about":[{"href":"https:\/\/tenisparaciegos.ar\/ptca\/index.php?rest_route=\/wp\/v2\/types\/page"}],"author":[{"embeddable":true,"href":"https:\/\/tenisparaciegos.ar\/ptca\/index.php?rest_route=\/wp\/v2\/users\/2"}],"replies":[{"embeddable":true,"href":"https:\/\/tenisparaciegos.ar\/ptca\/index.php?rest_route=%2Fwp%2Fv2%2Fcomments&post=1153"}],"version-history":[{"count":7,"href":"https:\/\/tenisparaciegos.ar\/ptca\/index.php?rest_route=\/wp\/v2\/pages\/1153\/revisions"}],"predecessor-version":[{"id":2045,"href":"https:\/\/tenisparaciegos.ar\/ptca\/index.php?rest_route=\/wp\/v2\/pages\/1153\/revisions\/2045"}],"wp:attachment":[{"href":"https:\/\/tenisparaciegos.ar\/ptca\/index.php?rest_route=%2Fwp%2Fv2%2Fmedia&parent=1153"}],"curies":[{"name":"wp","href":"https:\/\/api.w.org\/{rel}","templated":true}]}}

<div class="wp-block-media-text alignwide is-stacked-on-mobile"><figure class="wp-block-media-text__media"><img decoding="async" loading="lazy" width="960" height="540" src="https://tenisparaciegos.ar/ptca/wp-content/uploads/2021/05/14088407_1811878925710906_7022765832453270497_n.jpg" alt="" class="wp-image-1577 size-full" srcset="https://tenisparaciegos.ar/ptca/wp-content/uploads/2021/05/14088407_1811878925710906_7022765832453270497_n.jpg 960w, https://tenisparaciegos.ar/ptca/wp-content/uploads/2021/05/14088407_1811878925710906_7022765832453270497_n-300x169.jpg 300w, https://tenisparaciegos.ar/ptca/wp-content/uploads/2021/05/14088407_1811878925710906_7022765832453270497_n-768x432.jpg 768w, https://tenisparaciegos.ar/ptca/wp-content/uploads/2021/05/14088407_1811878925710906_7022765832453270497_n-660x371.jpg 660w" sizes="(max-width: 960px) 100vw, 960px" /></figure><div class="wp-block-media-text__content">
<p><strong><em>TEDx Eldorado</em></strong> un evento de nivel internacional fue realizado en la ciudad de El Dorado, Misiones. Un organización perfecta llevada a cabo con el corazón y el máximo profesionalismo.</p>



<p>Gracias por permitirnos mostrar nuestro programa y conocer a 12 expositores de un nivel humano y profesional impresionante.</p>



<p><strong>Profesor Eduardo Raffetto</strong></p>
</div></div>

<p>TEDx Eldorado un evento de nivel internacional fue realizado en la ciudad de El Dorado, Misiones. Un organización perfecta llevada a cabo con el corazón y el máximo profesionalismo. Gracias por permitirnos mostrar nuestro programa y conocer a 12 expositores de un nivel humano y profesional impresionante. Profesor Eduardo Raffetto</p>
