{"id":1190,"date":"2021-05-06T08:18:59","date_gmt":"2021-05-06T11:18:59","guid":{"rendered":"http:\/\/tenisparaciegos.ar\/ptca\/?page_id=1190"},"modified":"2021-05-13T09:20:35","modified_gmt":"2021-05-13T12:20:35","slug":"logros","status":"publish","type":"page","link":"https:\/\/tenisparaciegos.ar\/ptca\/?page_id=1190","title":{"rendered":"Logros"},"content":{"rendered":"\n<p>\u25b6\ufe0f <strong><a href=\"https:\/\/www.flickr.com\/photos\/tenisparaciegos1\/albums\/72157719080171529\" data-type=\"URL\" data-id=\"https:\/\/www.flickr.com\/photos\/tenisparaciegos1\/albums\/72157719080171529\">D\u00eda NACIONAL del Tenis para Ciegos<\/a><\/strong><\/p>\n\n\n\n<p>\u2b06\ufe0f&nbsp;Gracias al esquema de trabajo, seriedad, compromiso y profesionalismo de nuestro Programa de Ense\u00f1anza el <strong>PTCArgentina<\/strong> nos facilit\u00f3 ampliamente lograr este objetivo hist\u00f3rico para nuestro deporte.<\/p>\n\n\n\n<p>\u25b6\ufe0f <strong><a href=\"https:\/\/www.flickr.com\/photos\/tenisparaciegos\/albums\/72157643002066354\" data-type=\"URL\" data-id=\"https:\/\/www.flickr.com\/photos\/tenisparaciegos\/albums\/72157643002066354\">Declaraci\u00f3n de INTER\u00c9S SOCIAL y DEPORTIVO<\/a><\/strong> <\/p>\n\n\n\n<p>\u2b06\ufe0f Declarado de <strong>INTER\u00c9S SOCIAL y DEPORTIVO el Programa Tenis para Ciegos Argentina &#8211; PTCArgentina <\/strong>por la Legislatura de la Ciudad Aut\u00f3noma de Buenos Aires. Un reconocimiento a nuestro trabajo serio y profesional.<\/p>\n\n\n\n<p>\u25b6\ufe0f <strong><a href=\"https:\/\/www.flickr.com\/photos\/tenisparaciegos1\/albums\/72157719046401331\" data-type=\"URL\" data-id=\"https:\/\/www.flickr.com\/photos\/tenisparaciegos1\/albums\/72157719046401331\">Libro Tenis para Ciegos, un Sue\u00f1o Real<\/a><\/strong><\/p>\n\n\n\n<p>\u2b06\ufe0f Primer Libro del Tenis para Ciegos y Disminuidos Visuales del Mundo. Dedicado a la familia, tiene un lenguaje muy simple. Es el primer paso para conocer la ense\u00f1anza de este deporte. <\/p>\n\n\n\n<p>\u25b6\ufe0f <a href=\"https:\/\/www.youtube.com\/watch?v=9XEEn9FXfYc&amp;list=PLDEqZ7mOlF2SlnUEbHAn2QtkWwlBWEk6B&amp;index=4\" data-type=\"URL\" data-id=\"https:\/\/www.youtube.com\/watch?v=9XEEn9FXfYc&amp;list=PLDEqZ7mOlF2SlnUEbHAn2QtkWwlBWEk6B&amp;index=4\"><strong>PREMIO Distinciones RSC 15\u00aa Edici\u00f3n<\/strong><\/a>\u00a0| <strong>A\u00f1o 2018<\/strong><\/p>\n\n\n\n<p>\u2b06\ufe0f Nuevamente ganadores de uno de los premios m\u00e1s importantes de Argentina referente a la Solidaridad, Comunicaci\u00f3n y Sustentabilidad.<\/p>\n\n\n\n<p>\u25b6\ufe0f <a href=\"https:\/\/www.youtube.com\/watch?v=y30w4kT3mGw&amp;list=PLDEqZ7mOlF2SlnUEbHAn2QtkWwlBWEk6B&amp;index=5\" data-type=\"URL\" data-id=\"https:\/\/www.youtube.com\/watch?v=y30w4kT3mGw&amp;list=PLDEqZ7mOlF2SlnUEbHAn2QtkWwlBWEk6B&amp;index=5\"><strong>PREMIO Distinciones RSC 12\u00aa Edici\u00f3n<\/strong><\/a>\u00a0| <strong>A\u00f1o 2015<\/strong><\/p>\n\n\n\n<p>\u2b06\ufe0f Uno de los premios m\u00e1s importantes de Argentina referente a la Solidaridad, Comunicaci\u00f3n y Sustentabilidad.<\/p>\n","protected":false},"excerpt":{"rendered":"<p>\u25b6\ufe0f D\u00eda NACIONAL del Tenis para Ciegos \u2b06\ufe0f&nbsp;Gracias al esquema de trabajo, seriedad, compromiso y profesionalismo de nuestro Programa de Ense\u00f1anza el PTCArgentina nos facilit\u00f3 ampliamente lograr este objetivo hist\u00f3rico para nuestro deporte. \u25b6\ufe0f Declaraci\u00f3n de INTER\u00c9S SOCIAL y DEPORTIVO \u2b06\ufe0f Declarado de INTER\u00c9S SOCIAL y DEPORTIVO el Programa Tenis para Ciegos Argentina &#8211; PTCArgentina\u2026 <span class=\"read-more\"><a href=\"https:\/\/tenisparaciegos.ar\/ptca\/?page_id=1190\">Read More &raquo;<\/a><\/span><\/p>\n","protected":false},"author":2,"featured_media":0,"parent":993,"menu_order":0,"comment_status":"closed","ping_status":"closed","template":"","meta":[],"_links":{"self":[{"href":"https:\/\/tenisparaciegos.ar\/ptca\/index.php?rest_route=\/wp\/v2\/pages\/1190"}],"collection":[{"href":"https:\/\/tenisparaciegos.ar\/ptca\/index.php?rest_route=\/wp\/v2\/pages"}],"about":[{"href":"https:\/\/tenisparaciegos.ar\/ptca\/index.php?rest_route=\/wp\/v2\/types\/page"}],"author":[{"embeddable":true,"href":"https:\/\/tenisparaciegos.ar\/ptca\/index.php?rest_route=\/wp\/v2\/users\/2"}],"replies":[{"embeddable":true,"href":"https:\/\/tenisparaciegos.ar\/ptca\/index.php?rest_route=%2Fwp%2Fv2%2Fcomments&post=1190"}],"version-history":[{"count":10,"href":"https:\/\/tenisparaciegos.ar\/ptca\/index.php?rest_route=\/wp\/v2\/pages\/1190\/revisions"}],"predecessor-version":[{"id":1583,"href":"https:\/\/tenisparaciegos.ar\/ptca\/index.php?rest_route=\/wp\/v2\/pages\/1190\/revisions\/1583"}],"up":[{"embeddable":true,"href":"https:\/\/tenisparaciegos.ar\/ptca\/index.php?rest_route=\/wp\/v2\/pages\/993"}],"wp:attachment":[{"href":"https:\/\/tenisparaciegos.ar\/ptca\/index.php?rest_route=%2Fwp%2Fv2%2Fmedia&parent=1190"}],"curies":[{"name":"wp","href":"https:\/\/api.w.org\/{rel}","templated":true}]}}

<p>▶️ <strong><a href="https://www.flickr.com/photos/tenisparaciegos1/albums/72157719080171529" data-type="URL" data-id="https://www.flickr.com/photos/tenisparaciegos1/albums/72157719080171529">Día NACIONAL del Tenis para Ciegos</a></strong></p>



<p>⬆️&nbsp;Gracias al esquema de trabajo, seriedad, compromiso y profesionalismo de nuestro Programa de Enseñanza el <strong>PTCArgentina</strong> nos facilitó ampliamente lograr este objetivo histórico para nuestro deporte.</p>



<p>▶️ <strong><a href="https://www.flickr.com/photos/tenisparaciegos/albums/72157643002066354" data-type="URL" data-id="https://www.flickr.com/photos/tenisparaciegos/albums/72157643002066354">Declaración de INTERÉS SOCIAL y DEPORTIVO</a></strong> </p>



<p>⬆️ Declarado de <strong>INTERÉS SOCIAL y DEPORTIVO el Programa Tenis para Ciegos Argentina &#8211; PTCArgentina </strong>por la Legislatura de la Ciudad Autónoma de Buenos Aires. Un reconocimiento a nuestro trabajo serio y profesional.</p>



<p>▶️ <strong><a href="https://www.flickr.com/photos/tenisparaciegos1/albums/72157719046401331" data-type="URL" data-id="https://www.flickr.com/photos/tenisparaciegos1/albums/72157719046401331">Libro Tenis para Ciegos, un Sueño Real</a></strong></p>



<p>⬆️ Primer Libro del Tenis para Ciegos y Disminuidos Visuales del Mundo. Dedicado a la familia, tiene un lenguaje muy simple. Es el primer paso para conocer la enseñanza de este deporte. </p>



<p>▶️ <a href="https://www.youtube.com/watch?v=9XEEn9FXfYc&amp;list=PLDEqZ7mOlF2SlnUEbHAn2QtkWwlBWEk6B&amp;index=4" data-type="URL" data-id="https://www.youtube.com/watch?v=9XEEn9FXfYc&amp;list=PLDEqZ7mOlF2SlnUEbHAn2QtkWwlBWEk6B&amp;index=4"><strong>PREMIO Distinciones RSC 15ª Edición</strong></a> | <strong>Año 2018</strong></p>



<p>⬆️ Nuevamente ganadores de uno de los premios más importantes de Argentina referente a la Solidaridad, Comunicación y Sustentabilidad.</p>



<p>▶️ <a href="https://www.youtube.com/watch?v=y30w4kT3mGw&amp;list=PLDEqZ7mOlF2SlnUEbHAn2QtkWwlBWEk6B&amp;index=5" data-type="URL" data-id="https://www.youtube.com/watch?v=y30w4kT3mGw&amp;list=PLDEqZ7mOlF2SlnUEbHAn2QtkWwlBWEk6B&amp;index=5"><strong>PREMIO Distinciones RSC 12ª Edición</strong></a> | <strong>Año 2015</strong></p>



<p>⬆️ Uno de los premios más importantes de Argentina referente a la Solidaridad, Comunicación y Sustentabilidad.</p>

<p>▶️ Día NACIONAL del Tenis para Ciegos ⬆️&nbsp;Gracias al esquema de trabajo, seriedad, compromiso y profesionalismo de nuestro Programa de Enseñanza el PTCArgentina nos facilitó ampliamente lograr este objetivo histórico para nuestro deporte. ▶️ Declaración de INTERÉS SOCIAL y DEPORTIVO ⬆️ Declarado de INTERÉS SOCIAL y DEPORTIVO el Programa Tenis para Ciegos Argentina &#8211; PTCArgentina… <span class="read-more"><a href="https://tenisparaciegos.ar/ptca/?page_id=1190">Read More &raquo;</a></span></p>
