{"id":1884,"date":"2022-04-25T10:35:25","date_gmt":"2022-04-25T13:35:25","guid":{"rendered":"https:\/\/tenisparaciegos.ar\/ptca\/?page_id=1884"},"modified":"2022-10-02T11:00:47","modified_gmt":"2022-10-02T14:00:47","slug":"46-a-feria-internacional-del-libro-de-buenos-aires","status":"publish","type":"page","link":"https:\/\/tenisparaciegos.ar\/ptca\/?page_id=1884","title":{"rendered":"46.\u00aa Feria Internacional del Libro de Buenos Aires"},"content":{"rendered":"\n<p>El Libro <strong>Tenis para Ciegos, un sue\u00f1o real<\/strong>, se present\u00f3 en la Feria del Libro m\u00e1s importante de Sudam\u00e9rica. <\/p>\n\n\n\n<p><strong><span class=\"has-inline-color has-vivid-red-color\">DOMINGO<\/span><\/strong> <strong><span class=\"has-inline-color has-vivid-red-color\">8 de MAYO a las 19 hs. STAND N\u00ba 431 | Predio La Rural | Sarmiento 2704 | PABELLON AZUL<\/span><\/strong><\/p>\n\n\n\n<p>Se firmaron ejemplares y se explic\u00f3 todo lo que se quiso saber sobre el Tenis para Ciegos y Disminuidos Visuales de Argentina y el mundo. <\/p>\n\n\n\n<p><strong>MUCHAS GRACIAS<\/strong> a cada uno de ustedes por acompa\u00f1arme en este hermoso camino.     <\/p>\n\n\n\n<p>Profesor Eduardo Raffetto | <strong>Autor<\/strong><\/p>\n\n\n\n<figure class=\"wp-block-image size-large\"><img decoding=\"async\" loading=\"lazy\" width=\"1024\" height=\"1024\" src=\"https:\/\/tenisparaciegos.ar\/ptca\/wp-content\/uploads\/2022\/04\/1f4f10df-3622-4c4a-aff1-e48185ae3b8e-1-1024x1024.jpg\" alt=\"\" class=\"wp-image-1891\" srcset=\"https:\/\/tenisparaciegos.ar\/ptca\/wp-content\/uploads\/2022\/04\/1f4f10df-3622-4c4a-aff1-e48185ae3b8e-1-1024x1024.jpg 1024w, https:\/\/tenisparaciegos.ar\/ptca\/wp-content\/uploads\/2022\/04\/1f4f10df-3622-4c4a-aff1-e48185ae3b8e-1-300x300.jpg 300w, https:\/\/tenisparaciegos.ar\/ptca\/wp-content\/uploads\/2022\/04\/1f4f10df-3622-4c4a-aff1-e48185ae3b8e-1-150x150.jpg 150w, https:\/\/tenisparaciegos.ar\/ptca\/wp-content\/uploads\/2022\/04\/1f4f10df-3622-4c4a-aff1-e48185ae3b8e-1-768x768.jpg 768w, https:\/\/tenisparaciegos.ar\/ptca\/wp-content\/uploads\/2022\/04\/1f4f10df-3622-4c4a-aff1-e48185ae3b8e-1-660x660.jpg 660w, https:\/\/tenisparaciegos.ar\/ptca\/wp-content\/uploads\/2022\/04\/1f4f10df-3622-4c4a-aff1-e48185ae3b8e-1.jpg 1080w\" sizes=\"(max-width: 1024px) 100vw, 1024px\" \/><\/figure>\n","protected":false},"excerpt":{"rendered":"<p>El Libro Tenis para Ciegos, un sue\u00f1o real, se present\u00f3 en la Feria del Libro m\u00e1s importante de Sudam\u00e9rica. DOMINGO 8 de MAYO a las 19 hs. STAND N\u00ba 431 | Predio La Rural | Sarmiento 2704 | PABELLON AZUL Se firmaron ejemplares y se explic\u00f3 todo lo que se quiso saber sobre el Tenis\u2026 <span class=\"read-more\"><a href=\"https:\/\/tenisparaciegos.ar\/ptca\/?page_id=1884\">Read More &raquo;<\/a><\/span><\/p>\n","protected":false},"author":2,"featured_media":0,"parent":0,"menu_order":0,"comment_status":"closed","ping_status":"closed","template":"","meta":[],"_links":{"self":[{"href":"https:\/\/tenisparaciegos.ar\/ptca\/index.php?rest_route=\/wp\/v2\/pages\/1884"}],"collection":[{"href":"https:\/\/tenisparaciegos.ar\/ptca\/index.php?rest_route=\/wp\/v2\/pages"}],"about":[{"href":"https:\/\/tenisparaciegos.ar\/ptca\/index.php?rest_route=\/wp\/v2\/types\/page"}],"author":[{"embeddable":true,"href":"https:\/\/tenisparaciegos.ar\/ptca\/index.php?rest_route=\/wp\/v2\/users\/2"}],"replies":[{"embeddable":true,"href":"https:\/\/tenisparaciegos.ar\/ptca\/index.php?rest_route=%2Fwp%2Fv2%2Fcomments&post=1884"}],"version-history":[{"count":5,"href":"https:\/\/tenisparaciegos.ar\/ptca\/index.php?rest_route=\/wp\/v2\/pages\/1884\/revisions"}],"predecessor-version":[{"id":1910,"href":"https:\/\/tenisparaciegos.ar\/ptca\/index.php?rest_route=\/wp\/v2\/pages\/1884\/revisions\/1910"}],"wp:attachment":[{"href":"https:\/\/tenisparaciegos.ar\/ptca\/index.php?rest_route=%2Fwp%2Fv2%2Fmedia&parent=1884"}],"curies":[{"name":"wp","href":"https:\/\/api.w.org\/{rel}","templated":true}]}}

46.ª Feria Internacional del Libro de Buenos Aires

<p>El Libro <strong>Tenis para Ciegos, un sueño real</strong>, se presentó en la Feria del Libro más importante de Sudamérica. </p>



<p><strong><span class="has-inline-color has-vivid-red-color">DOMINGO</span></strong> <strong><span class="has-inline-color has-vivid-red-color">8 de MAYO a las 19 hs. STAND Nº 431 | Predio La Rural | Sarmiento 2704 | PABELLON AZUL</span></strong></p>



<p>Se firmaron ejemplares y se explicó todo lo que se quiso saber sobre el Tenis para Ciegos y Disminuidos Visuales de Argentina y el mundo. </p>



<p><strong>MUCHAS GRACIAS</strong> a cada uno de ustedes por acompañarme en este hermoso camino.     </p>



<p>Profesor Eduardo Raffetto | <strong>Autor</strong></p>



<figure class="wp-block-image size-large"><img decoding="async" loading="lazy" width="1024" height="1024" src="https://tenisparaciegos.ar/ptca/wp-content/uploads/2022/04/1f4f10df-3622-4c4a-aff1-e48185ae3b8e-1-1024x1024.jpg" alt="" class="wp-image-1891" srcset="https://tenisparaciegos.ar/ptca/wp-content/uploads/2022/04/1f4f10df-3622-4c4a-aff1-e48185ae3b8e-1-1024x1024.jpg 1024w, https://tenisparaciegos.ar/ptca/wp-content/uploads/2022/04/1f4f10df-3622-4c4a-aff1-e48185ae3b8e-1-300x300.jpg 300w, https://tenisparaciegos.ar/ptca/wp-content/uploads/2022/04/1f4f10df-3622-4c4a-aff1-e48185ae3b8e-1-150x150.jpg 150w, https://tenisparaciegos.ar/ptca/wp-content/uploads/2022/04/1f4f10df-3622-4c4a-aff1-e48185ae3b8e-1-768x768.jpg 768w, https://tenisparaciegos.ar/ptca/wp-content/uploads/2022/04/1f4f10df-3622-4c4a-aff1-e48185ae3b8e-1-660x660.jpg 660w, https://tenisparaciegos.ar/ptca/wp-content/uploads/2022/04/1f4f10df-3622-4c4a-aff1-e48185ae3b8e-1.jpg 1080w" sizes="(max-width: 1024px) 100vw, 1024px" /></figure>

<p>El Libro Tenis para Ciegos, un sueño real, se presentó en la Feria del Libro más importante de Sudamérica. DOMINGO 8 de MAYO a las 19 hs. STAND Nº 431 | Predio La Rural | Sarmiento 2704 | PABELLON AZUL Se firmaron ejemplares y se explicó todo lo que se quiso saber sobre el Tenis… <span class="read-more"><a href="https://tenisparaciegos.ar/ptca/?page_id=1884">Read More &raquo;</a></span></p>
