{"id":38,"date":"2014-11-14T01:49:53","date_gmt":"2014-11-14T04:49:53","guid":{"rendered":"http:\/\/www.tenisparaciegos.org\/wp\/?page_id=38"},"modified":"2021-05-25T10:33:54","modified_gmt":"2021-05-25T13:33:54","slug":"historia-argentina","status":"publish","type":"page","link":"https:\/\/tenisparaciegos.ar\/ptca\/?page_id=38","title":{"rendered":"Historia Argentina"},"content":{"rendered":"<h1><strong>Historia del tenis para ciegos y disminuidos visuales en Argentina.<\/strong><\/h1>\n<h2><strong>El PTCArgentina<\/strong><\/h2>\n<p>En el a\u00f1o 2011 saliendo de la academia de tenis que dirijo, el Centro de Desarrollo del Tenis, se acerc\u00f3 una mujer con dos hijas ciegas, no mas de 9 a\u00f1os cada una, que iban de su mano y me pregunt\u00f3 si pod\u00edan hacer tenis. A esta pregunta en un primer momento respond\u00ed con un \u2018no s\u00e9\u2019, me convoc\u00f3 a comenzar a trabajar en construir c\u00f3mo \u2018s\u00ed saber\u2019.<\/p>\n<p>Con 30 a\u00f1os de experiencia en el tenis, comenc\u00e9 a investigar, el primer paso fue ingresar a Google, ya que no conoc\u00eda nada y ni me imaginaba que existiese este deporte y me contacte con la Federaci\u00f3n Japonesa de Tenis para Ciegos, precursores del deporte en su pa\u00eds e involucrados en la promoci\u00f3n de la actividad a nivel mundial. Tambi\u00e9n me capacite con profesores de educaci\u00f3n f\u00edsica que trabajaban con personas con discapacidad visual y con escritores dedicados a la discapacidad visual, como es el caso de la Lic. Cristina Oyarzabal.<\/p>\n<p><strong>La Sra. Ayako Matsui, era la secretaria general de la (JBTF), hoy es nuestra asesora internacional, nos brind\u00f3 su apoyo desde el comienzo present\u00e1ndonos luego de un arduo trabajo de formaci\u00f3n durante casi un a\u00f1o, como representantes del Tenis para Ciegos de Argentina frente al mundo con el aval de la Federaci\u00f3n Japonesa de Tenis para Ciegos (JBTF) que su presidente era el Sr. Gentaro Katsurada.<\/strong><\/p>\n<p>Si bien el precursor japon\u00e9s del Tenis para Ciegos, Miyoshi Takei, hoy no est\u00e1 entre nosotros, aqu\u00ed en Argentina nos hemos comprometido a difundir su legado creando este primer programa a nivel nacional y sudamericano el <strong>PTCArgentina<\/strong> &#8211; <strong>Primer Programa de Ense\u00f1anza del Tenis para Ciegos y Disminuidos Visuales de Argentina<\/strong>, esto fue en el a\u00f1o <strong>2012<\/strong>.<\/p>\n<p>Hoy somos un equipo interdisciplinario con amplia trayectoria y experiencia que trabaja fuertemente con dos objetivos fundamentales: el propiamente deportivo y el psico-social, haciendo que cada uno de los que formamos parte de este inmenso y maravilloso trabajo nos sintamos protagonistas de un mundo distinto, ense\u00f1ando y aprendiendo desde lugares m\u00f3viles, compartiendo la vida que nos es dada a todos por igual, y vivenciando que la diferencia tiene que ver con una posici\u00f3n y en tal caso un punto de vista, pero no con una condici\u00f3n.<\/p>\n<p><strong>Somos precursores de este deporte en la Argentina, en Sudam\u00e9rica y estamos muy comprometidos en la tarea de formaci\u00f3n, capacitaci\u00f3n y difusi\u00f3n del Tenis para Ciegos y Disminuidos Visuales en Argentina y en el mundo.<\/strong><\/p>\n\n\n<p><\/p>\n","protected":false},"excerpt":{"rendered":"<p>Historia del tenis para ciegos y disminuidos visuales en Argentina. El PTCArgentina En el a\u00f1o 2011 saliendo de la academia de tenis que dirijo, el Centro de Desarrollo del Tenis, se acerc\u00f3 una mujer con dos hijas ciegas, no mas de 9 a\u00f1os cada una, que iban de su mano y me pregunt\u00f3 si pod\u00edan\u2026 <span class=\"read-more\"><a href=\"https:\/\/tenisparaciegos.ar\/ptca\/?page_id=38\">Read More &raquo;<\/a><\/span><\/p>\n","protected":false},"author":1,"featured_media":0,"parent":13,"menu_order":410,"comment_status":"closed","ping_status":"closed","template":"","meta":[],"_links":{"self":[{"href":"https:\/\/tenisparaciegos.ar\/ptca\/index.php?rest_route=\/wp\/v2\/pages\/38"}],"collection":[{"href":"https:\/\/tenisparaciegos.ar\/ptca\/index.php?rest_route=\/wp\/v2\/pages"}],"about":[{"href":"https:\/\/tenisparaciegos.ar\/ptca\/index.php?rest_route=\/wp\/v2\/types\/page"}],"author":[{"embeddable":true,"href":"https:\/\/tenisparaciegos.ar\/ptca\/index.php?rest_route=\/wp\/v2\/users\/1"}],"replies":[{"embeddable":true,"href":"https:\/\/tenisparaciegos.ar\/ptca\/index.php?rest_route=%2Fwp%2Fv2%2Fcomments&post=38"}],"version-history":[{"count":9,"href":"https:\/\/tenisparaciegos.ar\/ptca\/index.php?rest_route=\/wp\/v2\/pages\/38\/revisions"}],"predecessor-version":[{"id":1676,"href":"https:\/\/tenisparaciegos.ar\/ptca\/index.php?rest_route=\/wp\/v2\/pages\/38\/revisions\/1676"}],"up":[{"embeddable":true,"href":"https:\/\/tenisparaciegos.ar\/ptca\/index.php?rest_route=\/wp\/v2\/pages\/13"}],"wp:attachment":[{"href":"https:\/\/tenisparaciegos.ar\/ptca\/index.php?rest_route=%2Fwp%2Fv2%2Fmedia&parent=38"}],"curies":[{"name":"wp","href":"https:\/\/api.w.org\/{rel}","templated":true}]}}

<h1><strong>Historia del tenis para ciegos y disminuidos visuales en Argentina.</strong></h1>
<h2><strong>El PTCArgentina</strong></h2>
<p>En el año 2011 saliendo de la academia de tenis que dirijo, el Centro de Desarrollo del Tenis, se acercó una mujer con dos hijas ciegas, no mas de 9 años cada una, que iban de su mano y me preguntó si podían hacer tenis. A esta pregunta en un primer momento respondí con un ‘no sé’, me convocó a comenzar a trabajar en construir cómo ‘sí saber’.</p>
<p>Con 30 años de experiencia en el tenis, comencé a investigar, el primer paso fue ingresar a Google, ya que no conocía nada y ni me imaginaba que existiese este deporte y me contacte con la Federación Japonesa de Tenis para Ciegos, precursores del deporte en su país e involucrados en la promoción de la actividad a nivel mundial. También me capacite con profesores de educación física que trabajaban con personas con discapacidad visual y con escritores dedicados a la discapacidad visual, como es el caso de la Lic. Cristina Oyarzabal.</p>
<p><strong>La Sra. Ayako Matsui, era la secretaria general de la (JBTF), hoy es nuestra asesora internacional, nos brindó su apoyo desde el comienzo presentándonos luego de un arduo trabajo de formación durante casi un año, como representantes del Tenis para Ciegos de Argentina frente al mundo con el aval de la Federación Japonesa de Tenis para Ciegos (JBTF) que su presidente era el Sr. Gentaro Katsurada.</strong></p>
<p>Si bien el precursor japonés del Tenis para Ciegos, Miyoshi Takei, hoy no está entre nosotros, aquí en Argentina nos hemos comprometido a difundir su legado creando este primer programa a nivel nacional y sudamericano el <strong>PTCArgentina</strong> &#8211; <strong>Primer Programa de Enseñanza del Tenis para Ciegos y Disminuidos Visuales de Argentina</strong>, esto fue en el año <strong>2012</strong>.</p>
<p>Hoy somos un equipo interdisciplinario con amplia trayectoria y experiencia que trabaja fuertemente con dos objetivos fundamentales: el propiamente deportivo y el psico-social, haciendo que cada uno de los que formamos parte de este inmenso y maravilloso trabajo nos sintamos protagonistas de un mundo distinto, enseñando y aprendiendo desde lugares móviles, compartiendo la vida que nos es dada a todos por igual, y vivenciando que la diferencia tiene que ver con una posición y en tal caso un punto de vista, pero no con una condición.</p>
<p><strong>Somos precursores de este deporte en la Argentina, en Sudamérica y estamos muy comprometidos en la tarea de formación, capacitación y difusión del Tenis para Ciegos y Disminuidos Visuales en Argentina y en el mundo.</strong></p>


<p></p>

<p>Historia del tenis para ciegos y disminuidos visuales en Argentina. El PTCArgentina En el año 2011 saliendo de la academia de tenis que dirijo, el Centro de Desarrollo del Tenis, se acercó una mujer con dos hijas ciegas, no mas de 9 años cada una, que iban de su mano y me preguntó si podían… <span class="read-more"><a href="https://tenisparaciegos.ar/ptca/?page_id=38">Read More &raquo;</a></span></p>
