{"id":46,"date":"2014-11-14T01:57:11","date_gmt":"2014-11-14T04:57:11","guid":{"rendered":"http:\/\/www.tenisparaciegos.org\/wp\/?page_id=46"},"modified":"2025-01-23T18:54:23","modified_gmt":"2025-01-23T21:54:23","slug":"docencia-e-investigacion","status":"publish","type":"page","link":"https:\/\/tenisparaciegos.ar\/ptca\/?page_id=46","title":{"rendered":"Docencia e Investigaci\u00f3n"},"content":{"rendered":"<p>Dictamos cursos de capacitaci\u00f3n a nivel<em><strong> nacional<\/strong><\/em> como <em><strong>internacional<\/strong><\/em>, dirigidos a profesores de tenis, profesores de educaci\u00f3n f\u00edsica, profesionales que trabajan en el \u00e1rea de la discapacidad visual, profesionales que trabajan en discapacidad y personas interesadas en esta tem\u00e1tica.\u00a0<\/p>\n<p>Se evaluar\u00e1 en cada caso la conveniencia de transmisi\u00f3n del programa en cursos prolongados, jornadas o talleres seg\u00fan el perfil del solicitante y su inter\u00e9s o necesidad.<\/p>\n<p>Adem\u00e1s brindamos capacitaci\u00f3n y asesoramiento a instituciones, fundaciones u organismos que trabajen con personas con discapacidad visual y quieran implementar el programa en su lugar de trabajo tanto a nivel nacional como en el extranjero.<\/p>\n<p>Todos los interesados por favor contactarse a nuestro<a href=\"http:\/\/wa.me\/5491154077327\"><em><strong> WhatsApp<\/strong><\/em><\/a>: <strong>+54.911.5407.7327 <\/strong>y nos pondremos en contacto a la brevedad.<\/p>\n<p><strong>Equipo PTCArgentina<\/strong><\/p>\n\n\n<p><\/p>\n","protected":false},"excerpt":{"rendered":"<p>Dictamos cursos de capacitaci\u00f3n a nivel nacional como internacional, dirigidos a profesores de tenis, profesores de educaci\u00f3n f\u00edsica, profesionales que trabajan en el \u00e1rea de la discapacidad visual, profesionales que trabajan en discapacidad y personas interesadas en esta tem\u00e1tica.\u00a0 Se evaluar\u00e1 en cada caso la conveniencia de transmisi\u00f3n del programa en cursos prolongados, jornadas o\u2026 <span class=\"read-more\"><a href=\"https:\/\/tenisparaciegos.ar\/ptca\/?page_id=46\">Read More &raquo;<\/a><\/span><\/p>\n","protected":false},"author":1,"featured_media":0,"parent":993,"menu_order":460,"comment_status":"closed","ping_status":"closed","template":"","meta":[],"_links":{"self":[{"href":"https:\/\/tenisparaciegos.ar\/ptca\/index.php?rest_route=\/wp\/v2\/pages\/46"}],"collection":[{"href":"https:\/\/tenisparaciegos.ar\/ptca\/index.php?rest_route=\/wp\/v2\/pages"}],"about":[{"href":"https:\/\/tenisparaciegos.ar\/ptca\/index.php?rest_route=\/wp\/v2\/types\/page"}],"author":[{"embeddable":true,"href":"https:\/\/tenisparaciegos.ar\/ptca\/index.php?rest_route=\/wp\/v2\/users\/1"}],"replies":[{"embeddable":true,"href":"https:\/\/tenisparaciegos.ar\/ptca\/index.php?rest_route=%2Fwp%2Fv2%2Fcomments&post=46"}],"version-history":[{"count":12,"href":"https:\/\/tenisparaciegos.ar\/ptca\/index.php?rest_route=\/wp\/v2\/pages\/46\/revisions"}],"predecessor-version":[{"id":2047,"href":"https:\/\/tenisparaciegos.ar\/ptca\/index.php?rest_route=\/wp\/v2\/pages\/46\/revisions\/2047"}],"up":[{"embeddable":true,"href":"https:\/\/tenisparaciegos.ar\/ptca\/index.php?rest_route=\/wp\/v2\/pages\/993"}],"wp:attachment":[{"href":"https:\/\/tenisparaciegos.ar\/ptca\/index.php?rest_route=%2Fwp%2Fv2%2Fmedia&parent=46"}],"curies":[{"name":"wp","href":"https:\/\/api.w.org\/{rel}","templated":true}]}}

Docencia e Investigación

<p>Dictamos cursos de capacitación a nivel<em><strong> nacional</strong></em> como <em><strong>internacional</strong></em>, dirigidos a profesores de tenis, profesores de educación física, profesionales que trabajan en el área de la discapacidad visual, profesionales que trabajan en discapacidad y personas interesadas en esta temática. </p>
<p>Se evaluará en cada caso la conveniencia de transmisión del programa en cursos prolongados, jornadas o talleres según el perfil del solicitante y su interés o necesidad.</p>
<p>Además brindamos capacitación y asesoramiento a instituciones, fundaciones u organismos que trabajen con personas con discapacidad visual y quieran implementar el programa en su lugar de trabajo tanto a nivel nacional como en el extranjero.</p>
<p>Todos los interesados por favor contactarse a nuestro<a href="http://wa.me/5491154077327"><em><strong> WhatsApp</strong></em></a>: <strong>+54.911.5407.7327 </strong>y nos pondremos en contacto a la brevedad.</p>
<p><strong>Equipo PTCArgentina</strong></p>


<p></p>

<p>Dictamos cursos de capacitación a nivel nacional como internacional, dirigidos a profesores de tenis, profesores de educación física, profesionales que trabajan en el área de la discapacidad visual, profesionales que trabajan en discapacidad y personas interesadas en esta temática.  Se evaluará en cada caso la conveniencia de transmisión del programa en cursos prolongados, jornadas o… <span class="read-more"><a href="https://tenisparaciegos.ar/ptca/?page_id=46">Read More &raquo;</a></span></p>
