{"id":966,"date":"2021-05-03T00:10:55","date_gmt":"2021-05-03T03:10:55","guid":{"rendered":"http:\/\/tenisparaciegos.ar\/ptca\/?page_id=966"},"modified":"2025-01-23T19:08:20","modified_gmt":"2025-01-23T22:08:20","slug":"nosotros","status":"publish","type":"page","link":"https:\/\/tenisparaciegos.ar\/ptca\/?page_id=966","title":{"rendered":"Nosotros"},"content":{"rendered":"\n<p><\/p>\n\n\n\n<div class=\"wp-block-media-text alignwide is-stacked-on-mobile is-vertically-aligned-top is-image-fill\" style=\"grid-template-columns:37% auto\"><figure class=\"wp-block-media-text__media\" style=\"background-image:url(https:\/\/tenisparaciegos.ar\/ptca\/wp-content\/uploads\/2021\/05\/82153568_2560481600850631_6588998792962375680_n.jpg);background-position:28% 37%\"><img decoding=\"async\" loading=\"lazy\" width=\"720\" height=\"720\" src=\"https:\/\/tenisparaciegos.ar\/ptca\/wp-content\/uploads\/2021\/05\/82153568_2560481600850631_6588998792962375680_n.jpg\" alt=\"\" class=\"wp-image-1098 size-full\" srcset=\"https:\/\/tenisparaciegos.ar\/ptca\/wp-content\/uploads\/2021\/05\/82153568_2560481600850631_6588998792962375680_n.jpg 720w, https:\/\/tenisparaciegos.ar\/ptca\/wp-content\/uploads\/2021\/05\/82153568_2560481600850631_6588998792962375680_n-300x300.jpg 300w, https:\/\/tenisparaciegos.ar\/ptca\/wp-content\/uploads\/2021\/05\/82153568_2560481600850631_6588998792962375680_n-150x150.jpg 150w, https:\/\/tenisparaciegos.ar\/ptca\/wp-content\/uploads\/2021\/05\/82153568_2560481600850631_6588998792962375680_n-660x660.jpg 660w\" sizes=\"(max-width: 720px) 100vw, 720px\" \/><\/figure><div class=\"wp-block-media-text__content\">\n<p>Les presentamos el site del <strong>PTCArgentina<\/strong> &#8211; <strong>Primer Programa de Ense\u00f1anza del Tenis para Ciegos y Disminuidos Visuales de ARGENTINA.<\/strong><\/p>\n\n\n\n<p>Encontraran <strong>14 A\u00d1OS<\/strong> de trabajo y profesionalismo en cada paso que damos. Tenemos mucho camino recorrido lo que nos permite afianzarnos cada d\u00eda en lo que mas queremos, que crezca y se difunda el Tenis para Ciegos y Disminuidos Visuales por toda la Argentina y en Sudam\u00e9rica.<\/p>\n\n\n\n<p>Nos avalan todos estos a\u00f1os, para nosotros que un deporte crezca es necesario la apertura y capacitaci\u00f3n correcta con profesionales id\u00f3neos.<\/p>\n\n\n\n<p>El <strong>PTCArgentina<\/strong> es el <strong>Programa Oficial<\/strong> de <strong>Ense\u00f1anza<\/strong> de la Asociaci\u00f3n Argentina de Tenis para Ciegos, el mismo <strong>NO<\/strong> pertenece a dicha Asociaci\u00f3n, <strong>S\u00cd <\/strong>le brinda todo el soporte necesario para desarrollar el deporte en la Republica Argentina.<\/p>\n\n\n\n<p>Estamos a disposici\u00f3n para cualquier consulta y brindarles un asesoramiento y capacitaci\u00f3n de excelencia.<\/p>\n\n\n\n<p><strong>Profesor Eduardo Raffetto<\/strong> | <strong>Director de Capacitaci\u00f3n y Desarrollo<\/strong><\/p>\n<\/div><\/div>\n","protected":false},"excerpt":{"rendered":"<p>Les presentamos el site del PTCArgentina &#8211; Primer Programa de Ense\u00f1anza del Tenis para Ciegos y Disminuidos Visuales de ARGENTINA. Encontraran 14 A\u00d1OS de trabajo y profesionalismo en cada paso que damos. Tenemos mucho camino recorrido lo que nos permite afianzarnos cada d\u00eda en lo que mas queremos, que crezca y se difunda el Tenis\u2026 <span class=\"read-more\"><a href=\"https:\/\/tenisparaciegos.ar\/ptca\/?page_id=966\">Read More &raquo;<\/a><\/span><\/p>\n","protected":false},"author":2,"featured_media":1098,"parent":0,"menu_order":400,"comment_status":"closed","ping_status":"closed","template":"","meta":[],"_links":{"self":[{"href":"https:\/\/tenisparaciegos.ar\/ptca\/index.php?rest_route=\/wp\/v2\/pages\/966"}],"collection":[{"href":"https:\/\/tenisparaciegos.ar\/ptca\/index.php?rest_route=\/wp\/v2\/pages"}],"about":[{"href":"https:\/\/tenisparaciegos.ar\/ptca\/index.php?rest_route=\/wp\/v2\/types\/page"}],"author":[{"embeddable":true,"href":"https:\/\/tenisparaciegos.ar\/ptca\/index.php?rest_route=\/wp\/v2\/users\/2"}],"replies":[{"embeddable":true,"href":"https:\/\/tenisparaciegos.ar\/ptca\/index.php?rest_route=%2Fwp%2Fv2%2Fcomments&post=966"}],"version-history":[{"count":15,"href":"https:\/\/tenisparaciegos.ar\/ptca\/index.php?rest_route=\/wp\/v2\/pages\/966\/revisions"}],"predecessor-version":[{"id":2059,"href":"https:\/\/tenisparaciegos.ar\/ptca\/index.php?rest_route=\/wp\/v2\/pages\/966\/revisions\/2059"}],"wp:featuredmedia":[{"embeddable":true,"href":"https:\/\/tenisparaciegos.ar\/ptca\/index.php?rest_route=\/wp\/v2\/media\/1098"}],"wp:attachment":[{"href":"https:\/\/tenisparaciegos.ar\/ptca\/index.php?rest_route=%2Fwp%2Fv2%2Fmedia&parent=966"}],"curies":[{"name":"wp","href":"https:\/\/api.w.org\/{rel}","templated":true}]}}

<p></p>



<div class="wp-block-media-text alignwide is-stacked-on-mobile is-vertically-aligned-top is-image-fill" style="grid-template-columns:37% auto"><figure class="wp-block-media-text__media" style="background-image:url(https://tenisparaciegos.ar/ptca/wp-content/uploads/2021/05/82153568_2560481600850631_6588998792962375680_n.jpg);background-position:28% 37%"><img decoding="async" loading="lazy" width="720" height="720" src="https://tenisparaciegos.ar/ptca/wp-content/uploads/2021/05/82153568_2560481600850631_6588998792962375680_n.jpg" alt="" class="wp-image-1098 size-full" srcset="https://tenisparaciegos.ar/ptca/wp-content/uploads/2021/05/82153568_2560481600850631_6588998792962375680_n.jpg 720w, https://tenisparaciegos.ar/ptca/wp-content/uploads/2021/05/82153568_2560481600850631_6588998792962375680_n-300x300.jpg 300w, https://tenisparaciegos.ar/ptca/wp-content/uploads/2021/05/82153568_2560481600850631_6588998792962375680_n-150x150.jpg 150w, https://tenisparaciegos.ar/ptca/wp-content/uploads/2021/05/82153568_2560481600850631_6588998792962375680_n-660x660.jpg 660w" sizes="(max-width: 720px) 100vw, 720px" /></figure><div class="wp-block-media-text__content">
<p>Les presentamos el site del <strong>PTCArgentina</strong> &#8211; <strong>Primer Programa de Enseñanza del Tenis para Ciegos y Disminuidos Visuales de ARGENTINA.</strong></p>



<p>Encontraran <strong>14 AÑOS</strong> de trabajo y profesionalismo en cada paso que damos. Tenemos mucho camino recorrido lo que nos permite afianzarnos cada día en lo que mas queremos, que crezca y se difunda el Tenis para Ciegos y Disminuidos Visuales por toda la Argentina y en Sudamérica.</p>



<p>Nos avalan todos estos años, para nosotros que un deporte crezca es necesario la apertura y capacitación correcta con profesionales idóneos.</p>



<p>El <strong>PTCArgentina</strong> es el <strong>Programa Oficial</strong> de <strong>Enseñanza</strong> de la Asociación Argentina de Tenis para Ciegos, el mismo <strong>NO</strong> pertenece a dicha Asociación, <strong>SÍ </strong>le brinda todo el soporte necesario para desarrollar el deporte en la Republica Argentina.</p>



<p>Estamos a disposición para cualquier consulta y brindarles un asesoramiento y capacitación de excelencia.</p>



<p><strong>Profesor Eduardo Raffetto</strong> | <strong>Director de Capacitación y Desarrollo</strong></p>
</div></div>

<p>Les presentamos el site del PTCArgentina &#8211; Primer Programa de Enseñanza del Tenis para Ciegos y Disminuidos Visuales de ARGENTINA. Encontraran 14 AÑOS de trabajo y profesionalismo en cada paso que damos. Tenemos mucho camino recorrido lo que nos permite afianzarnos cada día en lo que mas queremos, que crezca y se difunda el Tenis… <span class="read-more"><a href="https://tenisparaciegos.ar/ptca/?page_id=966">Read More &raquo;</a></span></p>
